). Give k(p).
2
Let d(h) be the second derivative of 9*h - 2/3*h**3 + 0*h**2 + 0 + 1/4*h**4 + 1/20*h**5. Let a = -314 + 310. What is d(a)?
0
Let m = 121 - 101. Suppose 4*p = -0 + m. Let t(a) = -20*a + 2 + 7*a + 9*a + p*a. Give t(-4).
-2
Suppose -9*v = -q - q - 111, 10 = 2*v + 2*q. Let y(h) = -7*h - 7. What is y(v)?
-84
Let f(r) be the second derivative of r**5/60 + r**4/12 + r**3/2 + 52*r**2 + 5*r + 2. Let j(p) be the first derivative of f(p). What is j(-2)?
3
Let f(v) be the first derivative of 3*v**2/2 + 115. Let s be (-4)/(-18) - (-1026)/(-243). What is f(s)?
-12
Let j(k) = k**3 + 5*k**2 + 9*k + 12. Let s(f) = 3*f**3 + 10*f**2 + 23*f + 24. Let y(u) = 5*j(u) - 2*s(u). Determine y(6).
-30
Let z(h) = -3*h - 4 - 4*h + 10. Let n(a) = -13*a + 11. Let l(s) = -6*n(s) + 11*z(s). Suppose -218*k - 55*k = 238 - 1876. Calculate l(k).
6
Let z(q) = -11*q - 51. Let x = 10296 + -10302. What is z(x)?
15
Let b(v) be the first derivative of v**5/60 - v**4/4 + 2*v**3/3 - v**2/2 - 3*v + 34. Let t(z) be the second derivative of b(z). Calculate t(7).
11
Suppose 0 = 5*f - 0*f - 15. Suppose f*x + 6*x - 9 = 0. Let k(b) = b**2 + b + 4. Let v(i) = -i + 1. Let q(j) = x*v(j) - k(j). What is q(-2)?
-3
Let y = -645 + 649. Suppose 346 = y*z + 334. Let b(v) = v**2 - 5*v - 7. Give b(z).
-13
Let l(h) = 17*h + 40. Let r(b) = 73*b + 158. Let g(z) = -9*l(z) + 2*r(z). Calculate g(-5).
-9
Suppose -4*o = -u + 14, 4*u + 3*o = -0*o - 1. Suppose -4*g - 39 = -3*v - 32, u*g = -4*v + 2. Let m(j) = -21*j**3 - 2*j**2 + 1. Determine m(g).
20
Let q = 3626 - 3624. Let i(g) be the first derivative of 5 - 3/2*g**2 + q*g. Determine i(-3).
11
Let i(x) = -3*x + 313*x**2 - 373*x**2 + 2*x + x. Give i(-1).
-60
Let p = -114 + 198. Suppose -j = 11*j - p. Let a(d) be the first derivative of d**3/3 - 3*d**2 + 9*d - 24. Determine a(j).
16
Let z(b) = -152*b + 948. Let k be z(6). Let m(f) = f**3 - 34*f**2 - 71*f - 47. Determine m(k).
-11
Let r(t) = 6*t - 32. Let g = 18865 + -18849. What is r(g)?
64
Let n(v) = -v**3 - 9*v**2 + 9*v - 2. Let m(q) = 10*q**2 + 5*q - 31. Let w(d) = d**2. Let l(u) = -m(u) + 6*w(u). Let s be l(-7). Let k = s + 120. What is n(k)?
8
Let x(j) = -18898*j + 37801*j - 18876*j + 6. Determine x(-3).
-75
Let l(f) = 33*f + 1. Suppose -48*q + 15 = -40 + 7. Give l(q).
34
Suppose 28*z = 1261 - 85. Let y(b) = -18*b**2 + z*b**2 + 6 - 23*b**2 + 7*b. Calculate y(-3).
-6
Let z be (-117)/(-78) + 9/2. Let r(c) = 6 - c + z*c - 3 - 6*c. Determine r(6).
-3
Suppose 3*r - 9680 = -2*r. Let q(w) = -r*w**2 + 1937*w**2 + w + 1 - 2*w**3 + 3 + w**3. Calculate q(3).
-11
Let f(b) = 46*b**2 + b - 3. Let l(k) = 275*k**2 - 8*k + 20. Let a(v) = -6*f(v) + l(v). Calculate a(-16).
6
Let v(m) = -m. Suppose 0 = -258*r + 256*r + 126. Let b be (r - 3)/(-12) + (-13)/(-1). Determine v(b).
-8
Let s(b) = b**2 + 6*b + 17. Let f be 480/(-88) - 120/220. Calculate s(f).
17
Let p(c) = 2*c**3 + 2*c**2 - 11*c - 4. Let w(h) = -3*h**3 - 4*h**2 + 17*h + 6. Let n = -816 - -824. Let f(d) = n*p(d) + 5*w(d). What is f(5)?
8
Let i(r) = -3*r**3 - 2*r - 3. Let o = 366 - 320. Let g = o - 48. Determine i(g).
25
Let i(m) = 92*m**3 - 78*m**2 - 62*m + 68. Let n(c) = 19*c**3 - 16*c**2 - 13*c + 14. Let p(l) = -6*i(l) + 29*n(l). Calculate p(-2).
32
Let i(d) be the third derivative of -13*d**4/24 + d**3 - d**2 - 886. Give i(-3).
45
Suppose 0*r + 3*j = -r + 17, 0 = 3*r + 5*j - 43. Let a(x) = -8*x - x - 4 + r*x + 3. What is a(-5)?
-11
Let r(h) be the first derivative of h**3/3 - h**2 - 2*h - 649. Give r(-4).
22
Let o(u) = -u**3 - 7*u**2 - u - 10. Let q be (-10)/(-100)*-804 + 6/(-10). Let a be 27/q - (2 - 14/(-3)). Give o(a).
-3
Suppose 5*k = -2*s - 67 + 4, -5*s = 4*k + 47. Let x be (4 - 2)/((-22)/33) - k. Let f(t) = t**2 - 11*t + 14. What is f(x)?
4
Let k be (38/3)/(14/(-21)). Let g = k - -25. Let u(x) = x**3 - 8*x**2 + 15*x - 8. What is u(g)?
10
Let c(n) = -8*n**3 + 8*n**2 - 6*n - 6. Let x(m) = -m**3 + m**2 - m - 1. Let p(t) = c(t) - 6*x(t). Suppose -38 = 10*k - 12*k + 17*h, -h = k. Calculate p(k).
-8
Suppose x + 16*n = 15*n + 301, -x + n = -307. Let y(j) = j**2 + 10 - 614*j + 316*j + x*j. What is y(-7)?
17
Let r(v) be the third derivative of v**5/60 - v**4/3 - 33*v**3/2 - 49*v**2. Let n(d) be the first derivative of r(d). Determine n(4).
0
Let u(q) = -24*q - 21. Let v(a) = -a - 3. Let k(h) = -u(h) + 7*v(h). Let p(g) = g**2 + 5*g - 5. Let t be p(-6). Determine k(t).
17
Let j(x) = 14*x + 119. Let h(w) = 28*w + 264. Let t(b) = 3*h(b) - 7*j(b). What is t(-3)?
1
Let m(y) = -220*y + 3959. Let l be m(18). Let z(x) = 32*x + 28. Calculate z(l).
-4
Let t be (-6)/18 - (-544)/6*12/(-48). Let s(n) = -2*n - 37. Determine s(t).
9
Let n(p) be the second derivative of -p**6/360 + p**5/12 - 7*p**4/24 - 11*p**3/6 - p**2 - 5*p + 3. Let z(m) be the second derivative of n(m). Give z(7).
14
Let d(p) = -p - 3. Suppose 5*n + 1652 = 113*n + 10*n. Determine d(n).
-17
Let a(y) = y + 10. Let o = -311 + 313. Suppose -5*p = -5*s + 40, o*s + 24*p - 16 = 21*p. Give a(s).
18
Suppose -n - 12 = 3*n. Let p(m) = -613 + 2*m**2 + 3*m**2 + 5*m + 0*m - 4*m**2 - 4*m + 616. Calculate p(n).
9
Let o(a) = a**2 - a - 1. Let i(f) = 5*f - 15. Let n be i(7). Let k = -19 + n. Let h(x) = -2*x**2 + 3*x + 2. Let j(m) = k*h(m) + 4*o(m). Calculate j(-2).
8
Let k(j) = j**3 + 3*j**2 - 6*j + 7. Let s(d) = 26*d**3 + 4*d**2 + 3*d - 3. Let m be s(-3). Let x = 673 + m. Determine k(x).
-13
Let f(t) be the third derivative of t**4/4 - t**3 - 41*t**2. Determine f(-4).
-30
Let j(n) = 5*n**2 + 6*n + 59. Let u(g) = -g**2 - g + 3. Let i(k) = -j(k) - 6*u(k). Calculate i(0).
-77
Let j(n) = -18*n**3 + 5*n**2 - 3*n**2 + 13*n**3 + 2 - 2*n - 8*n**2 + 7*n**2. Let o = 49 + -48. What is j(o)?
-4
Let c(y) = -2806*y**3 + 2*y**2 + 5*y + 2819*y**3 - 4*y + 0*y**2. What is c(-1)?
-12
Let z(i) = 26*i - 6. Let l = -4422 - -4423. Give z(l).
20
Let j(z) = 43*z + 3. Let v(w) = w - 6*w - 17*w + 5 - 7. Let d(c) = -3*j(c) - 5*v(c). Suppose -13*o = -9 - 4. Give d(o).
-18
Let n(y) be the first derivative of -y**2/2 + 1. Let x(d) = -2209*d - 141375. Let h be x(-64). Give n(h).
-1
Let a = 1 - -3. Let s(k) = 14*k + 6. Let z(x) = 3*x + 1. Let n(p) = -s(p) + 5*z(p). Let r be n(a). Let d(l) = l**2 - l - 4. Determine d(r).
2
Suppose -g - 4*j = -5, -71*g + 66*g - 9 = 3*j. Let u(z) = -z**2 - 5*z - 4. Let c(i) = 4*i**2 + 16*i + 12. Let s(h) = -3*c(h) - 10*u(h). What is s(g)?
-20
Let s(x) = x**2 - 13*x - 24. Let j(p) = 17*p + 1037. Let q be j(-60). What is s(q)?
44
Let t(s) be the third derivative of -s**6/120 - s**5/12 + s**4/8 + 8*s**3/3 - 107*s**2 - 9*s. Calculate t(-5).
1
Let a(l) = 4 + 9*l**2 - 6*l**2 + 0*l**2 - 2 - 3*l. Suppose 236 - 226 = 5*f. Calculate a(f).
8
Let b(l) be the first derivative of 7*l + 2 - 7 + 1179*l**2 - 1177*l**2 - 6. Suppose 4*o + 2*s = 5 - 25, 2*o - 3*s = -26. Give b(o).
-21
Let d(t) = 3*t + 1. Suppose 3*u + 2*u + 2*h = -2860, 5*u - 3*h = -2860. Let r = u - -574. What is d(r)?
7
Let w(r) = -445 + 137*r + 154*r + 0*r + 150. Give w(1).
-4
Suppose -242*w + 247*w + 15 = s, -18 = -w - 4*s. Let b(z) = -4*z**2 - 3*z + 8. Determine b(w).
-2
Suppose 4*n + g = -112, -3*n + 4*g - 43 - 22 = 0. Let o(u) = -u**3 - 27*u**2 - u - 21. Give o(n).
6
Let n(j) be the first derivative of -j**3/3 + 7*j**2/2 - j - 53. Suppose 3*v - 6*v + 10 = 5*m, -35 = -4*m + 3*v. Give n(m).
9
Suppose -4*b + 139 + 25 = 0. Let o(a) = 12 + a**2 + 0 + b*a + 6 - 41*a. Determine o(0).
18
Let n(p) = -4*p - 3. Let l be n(-13). Let h = -90 + l. Let c be h/(-13) + (-32)/208. Let u(i) = -i + 3. Calculate u(c).
0
Suppose -2*l = -2*g + 8, g + 4*g - 2*l - 5 = 0. Let n be 990/(-135)*(g + 10/4). Let f(a) = a + 14. Give f(n).
3
Let c be 10*(-1 + 78/12). Let b(g) = -24 - 34 + 3*g + c. What is b(3)?
6
Let y be (-9)/((-45)/20) - (-1 + -4). Let t(d) = 2*d**2 - 13*d + 3. What is t(y)?
48
Let l(q) = q**3 + 400613 - 34*q + 15*q**2 - 200306 - 200295. Calculate l(-17).
12
Let g(w) be the first derivative of w**2 - 6*w - 3610. Let q(r) = 3*r - 21. Let b be q(11). Give g(b).
18
Let a(c) = 26*c**3 + 63*c**2 - 11*c + 54. Let q(k) = 19*k**3 + 47*k**2 - 8*k + 39. Let s(r) = 8*a(r) - 11*q(r). Determine s(-13).
3
Let o(p) = -5*p + 3. Let r(m) = 4*m + 2. Let c(b) = -o(b) - 2*r(b). Calculate c(-5).
8
Let p(n) be the first derivative of n**5/60 - 5*n**4/24 - 4*n**3/3 + 103*n**2/2 - 86. Let r(w) be the 